{"id":14,"date":"2023-01-12T14:35:22","date_gmt":"2023-01-12T13:35:22","guid":{"rendered":"http:\/\/auto-enge.de\/?page_id=14"},"modified":"2023-07-24T21:00:17","modified_gmt":"2023-07-24T19:00:17","slug":"startseite","status":"publish","type":"page","link":"https:\/\/auto-enge.de\/","title":{"rendered":"Startseite"},"content":{"rendered":"<div id=\"pl-gb14-69e5e924b5179\"  class=\"panel-layout\" ><div id=\"pg-gb14-69e5e924b5179-0\"  class=\"panel-grid panel-has-style\" ><div class=\"panel-row-style panel-row-style-for-gb14-69e5e924b5179-0\" ><div id=\"pgc-gb14-69e5e924b5179-0-0\"  class=\"panel-grid-cell\" ><div id=\"panel-gb14-69e5e924b5179-0-0-0\" class=\"so-panel widget widget_sow-headline panel-first-child panel-last-child\" data-index=\"0\" ><div\n\t\t\t\n\t\t\tclass=\"so-widget-sow-headline so-widget-sow-headline-default-264da9adb241-14\"\n\t\t\t\n\t\t><div class=\"sow-headline-container \">\n\t\t\t\t\t\t\t<h2 class=\"sow-headline\">\n\t\t\t\t\t\tKFZ Handel\t\t\t\t\t\t<\/h2>\n\t\t\t\t\t\t\t\t\t\t\t\t<h3 class=\"sow-sub-headline\">\n\t\t\t\t\t\tAuf der Suche nach Ihrem Wunschfahrzeug?\t\t\t\t\t\t<\/h3>\n\t\t\t\t\t\t<\/div>\n<\/div><\/div><\/div><div id=\"pgc-gb14-69e5e924b5179-0-1\"  class=\"panel-grid-cell\" ><div id=\"panel-gb14-69e5e924b5179-0-1-0\" class=\"so-panel widget widget_sow-editor panel-first-child panel-last-child\" data-index=\"1\" ><div\n\t\t\t\n\t\t\tclass=\"so-widget-sow-editor so-widget-sow-editor-base\"\n\t\t\t\n\t\t>\n<div class=\"siteorigin-widget-tinymce textwidget\">\n\t<p style=\"text-align: left;\">Der Fahrzeugmarkt ist in den letzten Jahren immer undurchsichtiger geworden, die Preise sind in utopische H\u00f6hen geschnellt und alles was vor nicht mal 2 Jahren noch bezahlbar war ist jetzt extrem \u00fcberteuert. Sie suchen aber dennoch ein neues Auto um wieder neue Unabh\u00e4ngigkeit zu gewinnen oder diese beizubehalten, dann kommen Sie zu mir. Ich biete Ihnen ein offenes Ohr f\u00fcr Ihre w\u00fcnsche an und finde f\u00fcr Sie das passende Auto auch wenn Sie keine genaue Vorstellung von Marke und Ausstattung haben. Durch mein Netzwerk mit vielen H\u00e4ndler und H\u00e4ndlerplattformen habe ich ein gro\u00dfes Einzugsgebiet und einen gro\u00dfen Pool auf den ich zugreifen kann und wo ich mir sicher bin das wir zusammen das passende finden werden. Auch wenn Sie sehr genaue Vorstellungen haben sollten was Sie suchen dann scheuen Sie nicht mich anzusprechen denn auch wenn ich nicht sofort etwas anbieten k\u00f6nnen sollte dann \u00e4ndert sich das Angebot ja t\u00e4glich und ich werde erst dann aufh\u00f6ren zu suchen wenn Sie zufrieden nach Hause fahren.<\/p>\n<\/div>\n<\/div><\/div><\/div><\/div><\/div><div id=\"pg-gb14-69e5e924b5179-1\"  class=\"panel-grid panel-no-style\" ><div id=\"pgc-gb14-69e5e924b5179-1-0\"  class=\"panel-grid-cell\" ><div id=\"panel-gb14-69e5e924b5179-1-0-0\" class=\"so-panel widget widget_sow-headline panel-first-child panel-last-child\" data-index=\"2\" ><div\n\t\t\t\n\t\t\tclass=\"so-widget-sow-headline so-widget-sow-headline-default-1ab97e9816a3-14\"\n\t\t\t\n\t\t><div class=\"sow-headline-container \">\n\t\t\t\t\t\t\t<h2 class=\"sow-headline\">\n\t\t\t\t\t\tKFZ Autoteile Handel\t\t\t\t\t\t<\/h2>\n\t\t\t\t\t\t\t\t\t\t\t\t<h3 class=\"sow-sub-headline\">\n\t\t\t\t\t\tVerschlei\u00dfteile g\u00fcnstig ersetzen \t\t\t\t\t\t<\/h3>\n\t\t\t\t\t\t<\/div>\n<\/div><\/div><\/div><div id=\"pgc-gb14-69e5e924b5179-1-1\"  class=\"panel-grid-cell\" ><div id=\"panel-gb14-69e5e924b5179-1-1-0\" class=\"so-panel widget widget_sow-editor panel-first-child panel-last-child\" data-index=\"3\" ><div\n\t\t\t\n\t\t\tclass=\"so-widget-sow-editor so-widget-sow-editor-base\"\n\t\t\t\n\t\t>\n<div class=\"siteorigin-widget-tinymce textwidget\">\n\t<p>Sie fahren ein in die Jahre gekommenes Auto oder sind einfach viel unterwegs und der Verschlei\u00df h\u00e4lt auch vor Ihrem Sch\u00e4tzchen nicht zur\u00fcck. Dann sind Sie bei mir genau richtig. In zeiten wo Autoh\u00e4user Geld verlangen und auch k\u00f6nnen nur um Ihnen einen Kostenvoranschlag zukommen zu lassen was was kostet steht ich Ihnen mit all meinem Wissen und Erfahrungen zur Seite im Bereich Ersatzteile. Ich beziehe alles in Erstausr\u00fcsterqualit\u00e4t und das zu erschwinglichen Preisen. Sie haben schon mal etwas im Internet bestellt und es hat nicht gepasst? Das wird Ihnen bei mir nicht passieren. Ich kann mir die genauen Fertigungsdaten Ihres Fahrzeuges heraussuchen und Ihnen 100 %ig das passende Teile versorgen. Und was die Verf\u00fcgbarkeit angeht sind Sie ebenfalls sehr gut bei mir aufgehoben da ich nicht nur von einer Quelle beziehe sondern auf 4 europaweit vertretene Gro\u00dfh\u00e4ndler mit mehrfacher t\u00e4glicher Lieferung mich beziehen darf.<\/p>\n<\/div>\n<\/div><\/div><\/div><\/div><div id=\"pg-gb14-69e5e924b5179-2\"  class=\"panel-grid panel-no-style\" ><div id=\"pgc-gb14-69e5e924b5179-2-0\"  class=\"panel-grid-cell\" ><div id=\"panel-gb14-69e5e924b5179-2-0-0\" class=\"so-panel widget widget_sow-headline panel-first-child panel-last-child\" data-index=\"4\" ><div\n\t\t\t\n\t\t\tclass=\"so-widget-sow-headline so-widget-sow-headline-default-1ab97e9816a3-14\"\n\t\t\t\n\t\t><div class=\"sow-headline-container \">\n\t\t\t\t\t\t\t<h2 class=\"sow-headline\">\n\t\t\t\t\t\tKFZ Kaufberatung\t\t\t\t\t\t<\/h2>\n\t\t\t\t\t\t\t\t\t\t\t\t<h3 class=\"sow-sub-headline\">\n\t\t\t\t\t\tExpertencheck f\u00fcr mehr Sicherheit beim Kauf\t\t\t\t\t\t<\/h3>\n\t\t\t\t\t\t<\/div>\n<\/div><\/div><\/div><div id=\"pgc-gb14-69e5e924b5179-2-1\"  class=\"panel-grid-cell\" ><div id=\"panel-gb14-69e5e924b5179-2-1-0\" class=\"so-panel widget widget_sow-editor panel-first-child panel-last-child\" data-index=\"5\" ><div\n\t\t\t\n\t\t\tclass=\"so-widget-sow-editor so-widget-sow-editor-base\"\n\t\t\t\n\t\t>\n<div class=\"siteorigin-widget-tinymce textwidget\">\n\t<p>Sie suchen ein neues Auto und haben auch schon was in Aussicht was Ihnen zusagen w\u00fcrde aber trauen sich nicht so richtig allein dem Verk\u00e4ufer und dem gesamten Kauf gegen\u00fcber zu treten? Ich begleite Sie gern egal ob nach Hamburg oder in den Nachbarort. Wir schauen uns zusammen das Objekt der Begierde an und pr\u00fcfen es auf Herzen und Nieren. Ich werde Sie mit entsprechender Technik unterst\u00fctzen die uns dabei helfen soll verdeckte Sch\u00e4den oder Manipulationen zu entlarven und Ihnen das bestm\u00f6gliche Fahrzeug am Ende herauszusuchen wo es kein b\u00f6ses Erwachen im nachhinein geben wird. Durch meine jahrelange Erfahrung in diesem Bereich der Beratung wei\u00df ich worauf es ankommt und k\u00fcmmere mich auch selbstst\u00e4ndig um alles wie zum Beispiel die Begutachtung und Verbringung des Fahrzeuges, falls Sie keine Zeit daf\u00fcr haben oder prinzipel in f\u00e4hige H\u00e4nde abgeben wollen.<\/p>\n<\/div>\n<\/div><\/div><\/div><\/div><div id=\"pg-gb14-69e5e924b5179-3\"  class=\"panel-grid panel-has-style\" ><div class=\"panel-row-style panel-row-style-for-gb14-69e5e924b5179-3\" ><div id=\"pgc-gb14-69e5e924b5179-3-0\"  class=\"panel-grid-cell panel-grid-cell-empty\" ><\/div><div id=\"pgc-gb14-69e5e924b5179-3-1\"  class=\"panel-grid-cell\" ><div id=\"panel-gb14-69e5e924b5179-3-1-0\" class=\"so-panel widget widget_sow-headline panel-first-child\" data-index=\"6\" ><div\n\t\t\t\n\t\t\tclass=\"so-widget-sow-headline so-widget-sow-headline-default-dc2f6b9cf1be-14 so-widget-fittext-wrapper\"\n\t\t\t data-fit-text-compressor=\"0.85\"\n\t\t><div class=\"sow-headline-container \">\n\t\t\t\t\t\t\t<h3 class=\"sow-headline\">\n\t\t\t\t\t\tDer Kaufberatungsservice umfasst:\t\t\t\t\t\t<\/h3>\n\t\t\t\t\t\t<\/div>\n<\/div><\/div><div id=\"panel-gb14-69e5e924b5179-3-1-1\" class=\"so-panel widget widget_sow-features panel-last-child\" data-index=\"7\" ><div class=\"panel-widget-style panel-widget-style-for-gb14-69e5e924b5179-3-1-1\" ><div\n\t\t\t\n\t\t\tclass=\"so-widget-sow-features so-widget-sow-features-default-816017e1a15f-14\"\n\t\t\t\n\t\t><ul\n\tclass=\"sow-features-list\n\tsow-features-responsive\">\n\n\t\t\t<li\n\t\t\tclass=\"sow-features-feature sow-icon-container-position-top\"\n\t\t\tstyle=\"display: flex; flex-direction: column; width: calc(33.333% - 25px);\"\n\t\t>\n\t\t\t\n\t\t\t\t\t\t<div\t\t\t\tclass=\"sow-icon-container sow-container-none\"\n\t\t\t\tstyle=\"color: #404040; \"\n\t\t\t\t\n\t\t\t\t\t\t\t>\n\t\t\t\t<span class=\"sow-icon-fontawesome sow-fas\" data-sow-icon=\"&#xf00c;\"\n\t\tstyle=\"font-size: 48px; color: #333333\" \n\t\taria-hidden=\"true\"><\/span>\t\t\t<\/div>\n\n\t\t\t<div class=\"textwidget\">\n\t\t\t\t\n\t\t\t\t\t\t\t\t\t<h5 class=\"sow-features-feature-title\">\n\t\t\t\t\t\tMotorzustand des Autos\t\t\t\t\t<\/h5>\n\t\t\t\t\n\t\t\t\t\t\t\t\t\t<div class=\"sow-features-feature-text\">\n\t\t\t\t\t<p>Wir pr\u00fcfen den Motor als zentrales Herzst\u00fcck. W\u00e4hrend der Probefahrt achten wir auf reibungslose, leise Leistung. Wartung und Servicehistorie werden gecheckt, um M\u00e4ngel zu erkennen. \u00d6lspuren unter dem Auto und der \u00d6lstand werden \u00fcberpr\u00fcft. Empfehlung: Fachmann hinzuziehen, um versteckte Probleme zu entdecken und informierte Entscheidungen zu treffen.<\/p>\n\t\t\t\t\t<\/div>\n\t\t\t\t\t\t\t\t<\/div>\n\t\t\t\t\t\t\t\t<\/li>\n\n\t\t\t<li\n\t\t\tclass=\"sow-features-feature sow-icon-container-position-top\"\n\t\t\tstyle=\"display: flex; flex-direction: column; width: calc(33.333% - 25px);\"\n\t\t>\n\t\t\t\n\t\t\t\t\t\t<div\t\t\t\tclass=\"sow-icon-container sow-container-none\"\n\t\t\t\tstyle=\"color: #404040; \"\n\t\t\t\t\n\t\t\t\t\t\t\t>\n\t\t\t\t<span class=\"sow-icon-fontawesome sow-fas\" data-sow-icon=\"&#xf00c;\"\n\t\tstyle=\"font-size: 48px; color: #333333\" \n\t\taria-hidden=\"true\"><\/span>\t\t\t<\/div>\n\n\t\t\t<div class=\"textwidget\">\n\t\t\t\t\n\t\t\t\t\t\t\t\t\t<h5 class=\"sow-features-feature-title\">\n\t\t\t\t\t\tKarosserie inkl. Lackdichte\t\t\t\t\t<\/h5>\n\t\t\t\t\n\t\t\t\t\t\t\t\t\t<div class=\"sow-features-feature-text\">\n\t\t\t\t\t<p>Die \u00e4u\u00dfere Erscheinung zeigt m\u00f6gliche Sch\u00e4den und Unfallsch\u00e4den. Wir achten auf Beulen, Kratzer, Rost, ungleiche Spaltma\u00dfe und nachlackierte Stellen mit einem Lackdickenmesser. Sorgf\u00e4ltige Pr\u00fcfung entdeckt versteckte M\u00e4ngel und hilft bei der Einsch\u00e4tzung von Reparaturkosten. Vertrauen Sie unserer Expertise.<\/p>\n\t\t\t\t\t<\/div>\n\t\t\t\t\t\t\t\t<\/div>\n\t\t\t\t\t\t\t\t<\/li>\n\n\t\t\t<li\n\t\t\tclass=\"sow-features-feature sow-icon-container-position-top\"\n\t\t\tstyle=\"display: flex; flex-direction: column; width: calc(33.333% - 25px);\"\n\t\t>\n\t\t\t\n\t\t\t\t\t\t<div\t\t\t\tclass=\"sow-icon-container sow-container-none\"\n\t\t\t\tstyle=\"color: #404040; \"\n\t\t\t\t\n\t\t\t\t\t\t\t>\n\t\t\t\t<span class=\"sow-icon-fontawesome sow-fas\" data-sow-icon=\"&#xf00c;\"\n\t\tstyle=\"font-size: 48px; color: #333333\" \n\t\taria-hidden=\"true\"><\/span>\t\t\t<\/div>\n\n\t\t\t<div class=\"textwidget\">\n\t\t\t\t\n\t\t\t\t\t\t\t\t\t<h5 class=\"sow-features-feature-title\">\n\t\t\t\t\t\tUnterboden\t\t\t\t\t<\/h5>\n\t\t\t\t\n\t\t\t\t\t\t\t\t\t<div class=\"sow-features-feature-text\">\n\t\t\t\t\t<p>Der Unterboden ist anf\u00e4llig f\u00fcr Korrosion. Wir pr\u00fcfen intensiv auf Rostsch\u00e4den an tragenden Teilen wie Rahmen und Querlenkern. L\u00f6cher oder geschwei\u00dfte Bereiche k\u00f6nnten auf Unfallsch\u00e4den hinweisen. Auch die Abgasanlage und Kraftstoffleitungen werden untersucht. Unsere qualifizierte Inspektion gew\u00e4hrleistet ein sicheres und zuverl\u00e4ssiges Fahrzeug f\u00fcr Sie.<\/p>\n\t\t\t\t\t<\/div>\n\t\t\t\t\t\t\t\t<\/div>\n\t\t\t\t\t\t\t\t<\/li>\n\n\t<\/ul>\n<\/div><\/div><\/div><\/div><\/div><\/div><div id=\"pg-gb14-69e5e924b5179-4\"  class=\"panel-grid panel-no-style\" ><div id=\"pgc-gb14-69e5e924b5179-4-0\"  class=\"panel-grid-cell\" ><div id=\"panel-gb14-69e5e924b5179-4-0-0\" class=\"so-panel widget widget_sow-headline panel-first-child panel-last-child\" data-index=\"8\" ><div\n\t\t\t\n\t\t\tclass=\"so-widget-sow-headline so-widget-sow-headline-default-1ab97e9816a3-14\"\n\t\t\t\n\t\t><div class=\"sow-headline-container \">\n\t\t\t\t\t\t\t<h2 class=\"sow-headline\">\n\t\t\t\t\t\tKFZ Service\t\t\t\t\t\t<\/h2>\n\t\t\t\t\t\t\t\t\t\t\t\t<h3 class=\"sow-sub-headline\">\n\t\t\t\t\t\tSchnellcheck Ihres KFZ\t\t\t\t\t\t<\/h3>\n\t\t\t\t\t\t<\/div>\n<\/div><\/div><\/div><div id=\"pgc-gb14-69e5e924b5179-4-1\"  class=\"panel-grid-cell\" ><div id=\"panel-gb14-69e5e924b5179-4-1-0\" class=\"so-panel widget widget_sow-editor panel-first-child panel-last-child\" data-index=\"9\" ><div\n\t\t\t\n\t\t\tclass=\"so-widget-sow-editor so-widget-sow-editor-base\"\n\t\t\t\n\t\t>\n<div class=\"siteorigin-widget-tinymce textwidget\">\n\t<p>Der n\u00e4chste T\u00dcV steht bevor, der n\u00e4chste Urlaub ist in Sicht oder einfach mal ein check weil da eine Bordsteinkante war die doch nicht so gut klang beim \u00fcberfahren? Dann kommen Sie vorbei und ich schaue mir alles einmal genau an wo der Schuh dr\u00fcckt und wie wir dem Problem abhilfe schaffen k\u00f6nnen. Desweiteren stehe ich auch zu jedem Saisonwechsel zur Verf\u00fcgung was das wechseln der R\u00e4der angeht bzw. das erneuern von Reifen wenn diese nicht mehr f\u00fcr die kommende Saison geeignet sind. Ebenso bereite ich Ihnen Ihr Fahrzeug auch von aussen und innen wieder auf wenn Sie gerade zur\u00fcck aus dem Urlaub sind und \u00fcberall der Sand im Auto ist oder der Fr\u00fchjahresputz ansteht und man einfach doch nicht dazu kommt. Auch sollten Sie kleinere Sch\u00e4den am Blech oder Lack haben werde ich Ihnen weiterhelfen und innerhalb k\u00fcrzester Zeit alles wieder zum gl\u00e4nzen bringen. Kommen Sie auf einen Sprung vorbei und w\u00e4rend dessen Sie sich einen Kaffee g\u00f6nnen werde ich Ihnen zu einem guten Gef\u00fchl Ihrem Auto gegen\u00fcber verhelfen.<\/p>\n<\/div>\n<\/div><\/div><\/div><\/div><div id=\"pg-gb14-69e5e924b5179-5\"  class=\"panel-grid panel-has-style\" ><div class=\"panel-row-style panel-row-style-for-gb14-69e5e924b5179-5\" ><div id=\"pgc-gb14-69e5e924b5179-5-0\"  class=\"panel-grid-cell\" ><div id=\"panel-gb14-69e5e924b5179-5-0-0\" class=\"so-panel widget widget_sow-headline panel-first-child\" data-index=\"10\" ><div class=\"panel-widget-style panel-widget-style-for-gb14-69e5e924b5179-5-0-0\" ><div\n\t\t\t\n\t\t\tclass=\"so-widget-sow-headline so-widget-sow-headline-default-8adbc1da820e-14 so-widget-fittext-wrapper\"\n\t\t\t data-fit-text-compressor=\"0.85\"\n\t\t><div class=\"sow-headline-container \">\n\t\t\t\t\t\t\t<h2 class=\"sow-headline\">\n\t\t\t\t\t\tAuf ein Wort! \t\t\t\t\t\t<\/h2>\n\t\t\t\t\t\t<\/div>\n<\/div><\/div><\/div><div id=\"panel-gb14-69e5e924b5179-5-0-1\" class=\"so-panel widget widget_sow-editor panel-last-child\" data-index=\"11\" ><div class=\"panel-widget-style panel-widget-style-for-gb14-69e5e924b5179-5-0-1\" ><div\n\t\t\t\n\t\t\tclass=\"so-widget-sow-editor so-widget-sow-editor-base\"\n\t\t\t\n\t\t>\n<div class=\"siteorigin-widget-tinymce textwidget\">\n\t<p style=\"text-align: right;\">Wir stehen Ihnen gerne f\u00fcr weitere Informationen und Fragen zur Verf\u00fcgung. Gern untert\u00fctzen wir Sie auf ihrem Weg zum Wunschautomobil oder aber sind Ihnen bei Fragen zum Kauf oder aber zu Zubeh\u00f6rteilen behilflich. Wir freuen uns auf Ihre Nachricht.<\/p>\n<\/div>\n<\/div><\/div><\/div><\/div><div id=\"pgc-gb14-69e5e924b5179-5-1\"  class=\"panel-grid-cell\" ><div id=\"panel-gb14-69e5e924b5179-5-1-0\" class=\"widget_text so-panel widget widget_custom_html panel-first-child panel-last-child\" data-index=\"12\" ><div class=\"textwidget custom-html-widget\">\n<div class=\"wpcf7 no-js\" id=\"wpcf7-f83-o1\" lang=\"de-DE\" dir=\"ltr\" data-wpcf7-id=\"83\">\n<div class=\"screen-reader-response\"><p role=\"status\" aria-live=\"polite\" aria-atomic=\"true\"><\/p> <ul><\/ul><\/div>\n<form action=\"\/index.php?rest_route=%2Fwp%2Fv2%2Fpages%2F14#wpcf7-f83-o1\" method=\"post\" class=\"wpcf7-form init\" aria-label=\"Kontaktformular\" novalidate=\"novalidate\" data-status=\"init\">\n<fieldset class=\"hidden-fields-container\"><input type=\"hidden\" name=\"_wpcf7\" value=\"83\" \/><input type=\"hidden\" name=\"_wpcf7_version\" value=\"6.1.1\" \/><input type=\"hidden\" name=\"_wpcf7_locale\" value=\"de_DE_formal\" \/><input type=\"hidden\" name=\"_wpcf7_unit_tag\" value=\"wpcf7-f83-o1\" \/><input type=\"hidden\" name=\"_wpcf7_container_post\" value=\"0\" \/><input type=\"hidden\" name=\"_wpcf7_posted_data_hash\" value=\"\" \/>\n<\/fieldset>\n<p><label> Ihr Name<br \/>\n<span class=\"wpcf7-form-control-wrap\" data-name=\"your-name\"><input size=\"40\" maxlength=\"400\" class=\"wpcf7-form-control wpcf7-text wpcf7-validates-as-required\" autocomplete=\"name\" aria-required=\"true\" aria-invalid=\"false\" value=\"\" type=\"text\" name=\"your-name\" \/><\/span> <\/label>\n<\/p>\n<p><label> Ihre E-Mail-Adresse<br \/>\n<span class=\"wpcf7-form-control-wrap\" data-name=\"your-email\"><input size=\"40\" maxlength=\"400\" class=\"wpcf7-form-control wpcf7-email wpcf7-validates-as-required wpcf7-text wpcf7-validates-as-email\" autocomplete=\"email\" aria-required=\"true\" aria-invalid=\"false\" value=\"\" type=\"email\" name=\"your-email\" \/><\/span> <\/label>\n<\/p>\n<p><label> Ihre Telefonnummer<br \/>\n<span class=\"wpcf7-form-control-wrap\" data-name=\"tel-384\"><input size=\"40\" maxlength=\"400\" class=\"wpcf7-form-control wpcf7-tel wpcf7-text wpcf7-validates-as-tel\" aria-invalid=\"false\" value=\"\" type=\"tel\" name=\"tel-384\" \/><\/span> <\/label>\n<\/p>\n<p><label> Betreff<br \/>\n<span class=\"wpcf7-form-control-wrap\" data-name=\"your-subject\"><input size=\"40\" maxlength=\"400\" class=\"wpcf7-form-control wpcf7-text wpcf7-validates-as-required\" aria-required=\"true\" aria-invalid=\"false\" value=\"\" type=\"text\" name=\"your-subject\" \/><\/span> <\/label>\n<\/p>\n<p><label> Ihre Nachricht (optional)<br \/>\n<span class=\"wpcf7-form-control-wrap\" data-name=\"your-message\"><textarea cols=\"40\" rows=\"10\" maxlength=\"2000\" class=\"wpcf7-form-control wpcf7-textarea\" aria-invalid=\"false\" name=\"your-message\"><\/textarea><\/span> <\/label>\n<\/p>\n<p><input class=\"wpcf7-form-control wpcf7-submit has-spinner\" type=\"submit\" value=\"Senden\" \/>\n<\/p><div class=\"wpcf7-response-output\" aria-hidden=\"true\"><\/div>\n<\/form>\n<\/div>\n<\/div><\/div><\/div><\/div><\/div><\/div>\n\n\n<p><\/p>\n","protected":false},"excerpt":{"rendered":"<p>Der Fahrzeugmarkt ist in den letzten Jahren immer undurchsichtiger geworden, die Preise sind in utopische H\u00f6hen geschnellt und alles was vor nicht mal 2 Jahren noch bezahlbar war ist jetzt extrem \u00fcberteuert. Sie suchen aber dennoch ein neues Auto um wieder neue Unabh\u00e4ngigkeit zu gewinnen oder diese beizubehalten, dann kommen Sie zu mir. Ich biete &hellip; <\/p>\n<p class=\"link-more\"><a href=\"https:\/\/auto-enge.de\/\" class=\"more-link\">Mehr <span class=\"screen-reader-text\">\u00fcber &#8222;Startseite&#8220; <\/span>Lesen<\/a><\/p>\n","protected":false},"author":2,"featured_media":0,"parent":0,"menu_order":0,"comment_status":"closed","ping_status":"closed","template":"page-templates\/full-width-no-title.php","meta":{"footnotes":""},"class_list":["post-14","page","type-page","status-publish","hentry"],"_links":{"self":[{"href":"https:\/\/auto-enge.de\/index.php?rest_route=\/wp\/v2\/pages\/14","targetHints":{"allow":["GET"]}}],"collection":[{"href":"https:\/\/auto-enge.de\/index.php?rest_route=\/wp\/v2\/pages"}],"about":[{"href":"https:\/\/auto-enge.de\/index.php?rest_route=\/wp\/v2\/types\/page"}],"author":[{"embeddable":true,"href":"https:\/\/auto-enge.de\/index.php?rest_route=\/wp\/v2\/users\/2"}],"replies":[{"embeddable":true,"href":"https:\/\/auto-enge.de\/index.php?rest_route=%2Fwp%2Fv2%2Fcomments&post=14"}],"version-history":[{"count":33,"href":"https:\/\/auto-enge.de\/index.php?rest_route=\/wp\/v2\/pages\/14\/revisions"}],"predecessor-version":[{"id":93,"href":"https:\/\/auto-enge.de\/index.php?rest_route=\/wp\/v2\/pages\/14\/revisions\/93"}],"wp:attachment":[{"href":"https:\/\/auto-enge.de\/index.php?rest_route=%2Fwp%2Fv2%2Fmedia&parent=14"}],"curies":[{"name":"wp","href":"https:\/\/api.w.org\/{rel}","templated":true}]}}